
5
Evaluate (-11 - -9) + (7 - 0) - -2.
7
What is -8 + 1 - (30 - 35)?
-2
Evaluate (-6 - -1) + -2 + 4.
-3
Calculate (-6 - -5) + -1 + -2 + -1.
-5
Calculate 5 - 1 - (5 - 2).
1
What is (7 - (2 - -6)) + (-3 - 1)?
-5
-11 + 12 + (1 - 2)
0
What is 11 + -3 + 5 + -18?
-5
Evaluate -5 + 7 + -3 + 7 + -3.
3
Evaluate -5 + -1 + 5 - (2 + -4).
1
Evaluate (-3 - -5) + 1 + -1.
2
What is the value of 14 + -5 + -5 + -5?
-1
What is the value of -2 + (-11 - -14) - -6?
7
Evaluate -3 + (4 + (-13 - -8) - -3).
-1
Calculate -1 + -3 + (-13 - -19).
2
Evaluate 4 + -1 + (-6 - (1 + 0)).
-4
-2 - ((4 - 2) + -6)
2
Evaluate -9 - (3 + 0 + (4 - 9)).
-7
Evaluate 8 + (3 - 8) - (-3 - -2).
4
Evaluate 1 + (5 - 3 - (7 + -3)).
-1
What is (20 - 19) + (0 - -2 - 1)?
2
What is -3 - ((-3 - 1) + 0 - 2)?
3
2 + (-3 - (4 + -2 + -2))
-1
Calculate -5 - (-2 - 0) - (-70 - -72).
-5
Calculate -2 + (0 - (-3 - -3)).
-2
-38 + 36 - (-5 - (0 - -1))
4
What is the value of (2 - 2) + -5 + 12?
7
Evaluate -2 + 0 - (2 - 7).
3
What is the value of 0 + -1 + 2 + 2 - 3?
0
2 + (-3 - (-1 - 2))
2
(2 - (3 - 7)) + -1
5
Calculate (17 - 21) + (-4 - 0).
-8
Calculate 1 + -4 + (-4 - -6).
-1
2 + 2 + (7 - 17)
-6
Calculate 6 - (3 - (-8 - (-3 - 1))).
-1
Calculate 1 + 5 + -11 - -5.
0
Calculate (-1 - -1) + (-10 - -5) + 13.
8
What is the value of 6 + -3 + (10 - 5 - 4)?
4
Evaluate (-82 - -73) + 13 + -2.
2
What is -7 + (3 + -8 - -14)?
2
What is 1 + (8 - (0 + 4) - 2)?
3
Calculate (-2 - (3 - 1)) + 8.
4
What is the value of -51 + 41 - (-19 - -2)?
7
Calculate 10 + -19 + (11 - 5).
-3
(13 - 8) + 1 + 0 + -4
2
Calculate 0 + -3 - (2 - (15 - 14)).
-4
What is the value of 2 - (-2 + (7 - -1))?
-4
What is -1 + 2 + (1 - 1) + -4?
-3
(-6 - (0 + -1) - -8) + 1
4
-5 + 2 + 3 + -3
-3
What is the value of (4 - 3 - 4) + 3?
0
What is -2 + 5 + 3 + -5?
1
What is -4 + (-1 + 11 - (0 - -1))?
5
What is the value of -4 - (-2 + (2 - 0) - 4)?
0
What is -9 - 1 - (1 - 14)?
3
What is -5 + 5 + (-5 - (8 - 16))?
3
(6 + 1 - 6) + -1
0
Evaluate 3 - (-1 + 2 + -6 - -11).
-3
Evaluate 11 + (-2 - (17 + -6 + -7)).
5
What is -10 + (44 - 13 - 15)?
6
What is the value of 7 + (-4 - (-7 + 9))?
1
What is -1 + -2 + 0 + 3 + -3?
-3
Calculate (-3 - -4) + (4 - 0).
5
Calculate (3 - -2 - 14) + (1 - -5).
-3
Evaluate (0 - 1) + (39 - 36) - 2.
0
Calculate 3 + 12 - 8 - 5.
2
0 - -1 - (-1 - (3 - 9))
-4
(1 - (4 - (6 - 2))) + -2
-1
(-3 - -9) + -1 + (-4 - -4)
5
Evaluate -9 + -7 + 3 + 7.
-6
1 + 2 - (2 - (6 - 8))
-1
Evaluate 1 + 5 + -6 + 5.
5
1 + 2 - 0 - (-17 - -12)
8
12 + -11 + 2 - (4 - -1)
-2
Calculate (139 - 147) + (2 - (0 - 8)).
2
(-4 - -11) + -6 + 2
3
What is -3 + -2 + (2 + 1 - 0)?
-2
Calculate (-1 + 4 - 1) + -2 + 1.
1
What is the value of -4 - (1 - (8 + -1 + 2))?
4
1 - 1 - -1 - -1
2
What is the value of 3 - (-6 - (4 + (1 - 4)))?
10
Evaluate (7 - -1) + -8 + 7 + -6.
1
7 + -3 - (8 + -5)
1
7 + -3 + (-3 - -4) - 1
4
28 + -36 - (-4 - 2)
-2
Evaluate -6 + (-1 + 4 + 2 - 2).
-3
Calculate 4 - (-4 - 3) - 5.
6
What is -2 + (2 - 0) + 1 + -4?
-3
3 + (-2 - (-2 + 3))
0
Calculate -15 + 24 + -15 - -13.
7
What is the value of (-3 - (-9 + 5)) + -1?
0
What is -3 + 7 + (-3 + -6 - 6)?
-11
Evaluate 1 + (-1 - 0) + 1.
1
2 + -8 - (-12 + 0 + 7)
-1
What is the value of (-2 - 3) + (12 - 5 - -1)?
3
-12 + (2 - -5) + 2 + -1
-4
Calculate -78 - -87 - (3 - -1).
5
Calculate (2 - (-5 + 5)) + -6.
-4
What is the value of -6 + 7 + 0 + -4?
-3
What is the value of -7 - (3 - (-4 + 5 - -5))?
-4
Calculate 1 + -1 - (-10 - -11).
-1
Calculate 4 - (6 + -12 + 5 + 4).
1
Calculate 1 - -2 - (-17 + 18).
2
(-4 - 1) + -21 + 24
-2
What is the value of (5 - 10) + -3 + 15?
7
What is the value of -9 - (0 + 4 + (-6 - 2))?
-5
Evaluate 1 + (0 - 0 - -2).
3
Evaluate -12 + (3 + -10 - -13).
-6
-7 + 8 - (5 + -1)
-3
What is (5 - 0) + (17 - (30 + 0))?
-8
(2 - (6 + 3)) + 1 + 1
-5
(0 - 3) + (-1 - -1 - -6)
3
Calculate -3 + (2 - (3 + -5)).
1
Evaluate -4 + (12 - (-1 - -2) - 1).
6
Calculate 10 - 5 - (2 + 4).
-1
What is the value of 11 + -11 + 2 + -6?
-4
(4 - -1) + -3 - (-4 + 10)
-4
What is -5 - (-4 + 0 + 5) - 0?
-6
What is (-11 - -7) + (0 - (-2 + 1))?
-3
Calculate -1 + -9 + 0 + 71 + -67.
-6
1 + 5 - (0 + (-5 - -7))
4
Calculate -1 + -1 + 5 - (-22 + 30).
-5
Evaluate (4 - 10) + 7 - 6.
-5
Calculate -4 - (-4 + -4 + 8).
-4
Calculate 0 + (-5 - -14 - 5).
4
Evaluate -2 + -4 + -1 + 12.
5
What is the value of -7 + -4 + -6 + 5 + 19?
7
(3 - 1) + -2 - 1
-1
What is 4 - ((-9 - -5) + 4)?
4
Evaluate 4 + -6 + -1 + 2 + -2.
-3
What is the value of (-4 - (5 - 7)) + -1 + -1?
-4
What is the value of 218 + -220 - (-1 - 6)?
5
Calculate 12 - (-9 + -8 + 31).
-2
Calculate -2 + -3 - (-5 - -19 - 13).
-6
1 + 8 - (10 + -4)
3
What is 5 + -2 - (5 + -1 + -3)?
2
Evaluate (6 - (19 + 6 + -12)) + -1.
-8
What is -3 - (-1 + -5) - 1?
2
Calculate 6 + -1 + (46 - 47).
4
-5 + -3 + 3 + (-5 - -7)
-3
Calculate 2 + (1 - (-5 - -10)).
-2
What is -12 + (1 - -7) - (-4 + 1)?
-1
-3 + 1 - (-7 + -2)
7
What is -6 + 3 + (2 + 1 - 0)?
0
Evaluate 1 - ((-4 - 0) + (-13 - -12)).
6
Calculate 0 + 4 + -6 + -3.
-5
Calculate (29 - 14) + -6 + 0 + -6.
3
Calculate 9 + (5 - 4) + (-7 - -1).
4
What is the value of 4 + (-20 - -1) + 9?
-6
What is the value of (-11 - -7) + 2 + -13 + 7?
-8
Evaluate -4 - (-7 - (-3 + -3)).
-3
Evaluate (-1 - -4) + 3 + 1 + -5.
2
What is 3 + -5 + 5 + 1?
4
What is the value of 10 + 7 + -8 - (1 - -2)?
6
What is (14 - 11 - (-4 - -3)) + -9?
-5
Evaluate -3 + -3 + (-6 - -18 - 6).
0
-6 + -2 - (5 + -12 - -5)
-6
Evaluate (0 - (-10 - -12)) + 9.
7
What is the value of 5 + (1 - (0 + -3) - 14)?
-5
Evaluate (-1 - (2 - (2 - -1))) + 3.
3
(14 - 21) + (3 - -2)
-2
Calculate 5 - ((-7 - 0) + 7 + 8).
-3
Evaluate (-11 - -4 - -5) + -2.
-4
What is (6 - 5) + -4 + (1 - 0)?
-2
What is -6 + -7 + (-6 - -19)?
0
What is the value of -1 + -11 + 10 + -4?
-6
What is (-4 + 4 - 6) + 11?
5
5 - (1 + 0 + 0)
4
What is -3 + (11 - 13) + 12?
7
Evaluate (2 - -5) + (-6 - (-1 - -4)).
-2
Calculate -1 + -1 - (-3 + (1 - -1)).
-1
Calculate -2 - ((-1 - 7) + 4).
2
(21 - 17) + (-7 - (-3 - 0))
0
Calculate 1 + 5 + (13 - 20).
-1
Evaluate (2 - (6 + -1)) + -3.
-6
Calculate 3 + (-3 - (-1 - 3)).
4
What is 8 - (4 + 12) - -10?
2
-7 + -5 + 15 + 1
4
What is the value of 2 + 7 + (-18 - -4)?
-5
Evaluate (-2 - (0 - 0)) + (-176 - -184).
6
What is 1 + -1 - 1 - (-2 - -4)?
-3
-5 - (-5 + 5) - (3 + -19)
11
What is the value of 4 - (8 + -6) - 1?
1
Calculate (2 - 1) + (-1 - (-3 + 4)).
-1
(-2 - -6) + 2 - (-1 + 2)
5
What is the value of 4 - 1 - -1 - 3?
1
What is -4 + (-5 - -8) + -1?
-2
What is 7 + (1 + -4 - 0) + -5?
-1
Evaluate -3 + (-1 - (3 - (9 + 3))).
5
What is -2 - ((-4 - -6) + (-6 - -3))?
-1
Evaluate -4 + (14 - 7) - (2 - -6).
-5
What is 9 + 3 - (-3 + -2 + 7)?
10
What is 9 + (-7 + 5 - 5)?
2
Calculate (-1 - -1) + 1 + -6.
-5
What is 8 + -4 + -6 + 2?
0
What is the value of 2 - (-6 + 0 + 3 + 7)?
-2
0 + (-8 - (-16 - -9))
-1
4 - -4 - (7 + 0)
1
3 + (-5 - (0 + -3))
1
What is the value of 2 + 0 + -5 + 0 + 2?
-1
What is 3 + (3 - 6) + -1?
-1
Evaluate 3 + (-9 + 4 - -6).
4
Calculate -7 - (6 + -5) - -6.
-2
What is 20 + (12 - 12 - 15)?
5
Evaluate -4 + -3 - (-1 + -9).
3
What is the value of 5 - (-1 - 4 - (-5 - 0))?
5
0 + (-5 - -5 - 4)
-4
What is 22 + -22 + 3 + -7?
-4
Calculate 2 + 10 + -1 + -5.
6
(6 - 1) + 7 + -14 + 0
-2
What is 2 + -5 - (0 - (-1 + 3))?
-1
What is the value of 1 + 0 + 0 + 0 + -1?
0
Evaluate 17 + -11 + -1 - 14.
-9
What is -10 + 22 - (3 + (2 - -2))?
5
What is 5 - 2 - ((7 - 6) + 7)?
-5
What is 0 + 8 - (9 + (-9 - -4))?
4
What is -49 + 39 - (-2 + -2) - 1?
-7
Calculate 5 - 15 - (8 - 9).
-9
(-5 - -4) + 1 + 1 + -3
-2
Evaluate -1 + (15 - 3 - (-3 - -9)).
5
What is the value of -5 - ((-18 - -21) + -6 + 1)?
-3
Calculate -6 + 9 + 2 + -3 + -3.
-1
What is the value of (0 + -5 - 0) + 4?
-1
What is -3 + (1 - (6 + -3))?
-5
Calculate 3 + (1 + (-3 - 2) - -5).
4
What is the value of -1 + -1 - 1 - -3?
0
Calculate 5 - (-4 + (-2 - -11) + -5).
5
Calculate 4 - ((5 - 2) + -3).
4
What is the value of -8 + -15 + 29 + (-9 - -1)?
-2
What is the value of (1 - (-1 + 1)) + (-23 - -25)?
3
What is (-3 - (-10 - -6)) + 3 + -9?
-5
Evaluate (-11 - -8) + 10 + 0 + -13.
-6
4 - (-6 + 11) - -1
0
Evaluate 0 - (8 + -12) - (0 + 4).
0
What is the value of 1 + 4 + (-2 - -3 - 8)?
-2
Evaluate 5 + -2 + -2 + (0 - 1).
0
-6 + (-3 - -11) + -1
1
2 + (1 - 1 - -3 - 0)
5
What is the value of (4 - 10) + 5 + -6?
-7
-2 - (4 - (2 + 9 + 0))
5
What is 17 + -21 - (1 - 